r. Determine p(6).
-1
Let d be (-7 - -2)*(-3 + 2). Let v(f) = 4*f - 8 - d*f**3 - f + 4*f**3 + 6*f**2. Determine v(6).
10
Let f(y) be the third derivative of -y**6/120 + y**5/12 + 7*y**4/24 + 4*y**3/3 + 23*y**2. Calculate f(6).
14
Let a be 30/9 + (-2)/6. Suppose t + 0*k + 6 = -a*k, -3*k - 18 = -3*t. Let w(d) = -3 + t - 2*d. Determine w(3).
-6
Let y(k) be the third derivative of -k**2 + 1/60*k**5 - 1/24*k**4 + 0*k - 1/180*k**6 - 1/6*k**3 + 0. Let t(l) be the first derivative of y(l). Determine t(1).
-1
Let z(x) = -x + 8. Let j = -10 + 18. Let w be z(j). Let n(b) = -3 + 0*b - b - 4. Determine n(w).
-7
Let z(r) = -5*r**3 - 3*r**2 - 7*r - 1. Let u(j) = -j**3 + 0*j**3 + 2 + 2*j**3 - 1. Let f(q) = 6*u(q) + z(q). Calculate f(4).
-7
Let z = -78 - -54. Let w = -12 - z. Let l = w + -8. Let o(h) = -h**2 + 2*h + 3. Calculate o(l).
-5
Let h(o) = -o - 4. Let m = 24 + -27. Determine h(m).
-1
Suppose -3*b - b = -8. Let v(z) = 0 + z**2 + 4 - 3*z + 0 - b*z. Give v(3).
-2
Let s(d) be the second derivative of -d**3/6 + d**2 - 7*d. Determine s(0).
2
Let x be -1 - ((-9)/1)/1. Let w(j) = 3*j + 2*j - 4*j + x*j**2. Suppose 0 = -0*l + 5*l + 5. Determine w(l).
7
Let n be 5/(-4)*(-12)/(-3). Let z = 7 + n. Let p(y) = 2 - 1 - 3*y - y + z*y**2. Calculate p(3).
7
Let j(u) = -u**2 + 6*u - 6. Let h(n) = 5*n - 19. Let m be h(5). Calculate j(m).
-6
Let p(v) = -2*v + 20*v**2 - 33*v**2 + 3*v - 4 + 12*v**2. Determine p(3).
-10
Let m(z) = z**3 + 5*z**2 + z + 1. Suppose 4*i + 4*l = -i - 33, 5*l = -10. Determine m(i).
-4
Let a(n) be the first derivative of n**2/2 - 2*n + 54. Determine a(3).
1
Suppose -a = 2 + 4. Let y(b) = b**2 - 3575 + 3571 + b**3 - 8*b + 4*b**2. Determine y(a).
8
Let y(u) be the second derivative of -u**5/20 + 5*u**4/12 + 3*u**3/2 - 9*u**2/2 - 2*u. Calculate y(6).
9
Let w(n) = -n**2 + n - 4. Let d be (-3)/(-6) - (-5)/2. Calculate w(d).
-10
Let j(s) = -2*s + 4. Let w be j(3). Let d(h) = -h**2 + 2*h - 1. What is d(w)?
-9
Let q be (-2)/(-4)*0/2. Let v = q - 5. Let n(d) = 2*d + 17. Let b(m) = m + 9. Let c(p) = 7*b(p) - 4*n(p). What is c(v)?
0
Suppose -z = 5*z - 0*z. Let t(c) = -2 + 0 - c - 8. Determine t(z).
-10
Let g = -47 - -142/3. Let u(c) be the second derivative of -3/2*c**2 - g*c**3 + 0 - c. Determine u(-3).
3
Let i(f) = -4*f**3 - 4*f**2 + f - 8. Let t(p) = 5*p**3 + 3*p**2 - 2*p + 8. Let m(r) = 4*i(r) + 3*t(r). Give m(-7).
6
Let u(a) = -a**3 + 5*a**2 + a - 3. Let s = 6 + -1. Let b be u(s). Let i(j) = -5 + 0 - j**b + 1 - 3*j. What is i(-3)?
-4
Let v be ((-8)/(-14))/((-6)/(-21)). Let d(u) = 3*u + 5. Let k(i) = -i - 1. Let a(t) = v*k(t) + d(t). Give a(5).
8
Let h(x) = -x + 1. Let m(s) = 2*s - 2. Let n(i) = -6*h(i) - 2*m(i). Determine n(5).
8
Let r be (-12)/9*3 + (-98)/(-24). Let u(b) be the third derivative of 0 + 0*b - 1/6*b**3 + r*b**4 + 1/120*b**6 - b**2 - 1/30*b**5. Calculate u(1).
0
Let z(o) = 19*o**2 + 12*o**2 - 1 - 32*o**2. What is z(3)?
-10
Suppose -4*d - 5*g - 76 = 0, 3*d + g + 4 = -42. Let n = 10 + d. Let f(o) be the third derivative of o**4/24 + o**3/6 + 2*o**2. Determine f(n).
-3
Let l = -1 - 1. Let f be -4 + 4 - l*1. Let w(p) = 0*p - 1 - 1 + p + 2*p - p**f. Determine w(2).
0
Let f(j) = -5*j**2 + 3. Let y(z) = -19*z**2 + 9*z + 13. Let a(w) = 9*w**2 - 4*w - 6. Let d(l) = -9*a(l) - 4*y(l). Let s(o) = 4*d(o) - 3*f(o). Determine s(1).
-6
Let q(f) be the first derivative of -f**6/180 + f**5/40 - f**4/24 - f**3/3 + 2. Let c(g) be the third derivative of q(g). Determine c(2).
-3
Let v(j) = -j + 10. Let z be v(11). Let o(u) = u**3 + 2*u**2 - 1. Give o(z).
0
Let b be 3*(-4)/4*1. Let a(z) = -z**2 - 3*z + 3. Determine a(b).
3
Let d = 8 + -4. Let t(g) = g - d - 3*g - 2*g**2 - 5*g. Give t(-4).
-8
Let y(z) = 3*z**3 + 2*z**2 - 3*z - 5. Let v(l) = 5*l**3 + 3*l**2 - 6*l - 9. Let m(u) = -4*v(u) + 7*y(u). What is m(-2)?
-5
Let m(q) be the first derivative of -4*q + 0*q - 7*q**2 - 1 + 6*q**2 + 6*q. What is m(3)?
-4
Suppose -7*g - 10 = -2*g, 0 = -t - 4*g - 2. Let n(z) = z**3 - 5*z**2 - 2*z - 8. Give n(t).
16
Let q(a) = 2*a - 1. Let t be 2/4 + 15/(-6). What is q(t)?
-5
Let j(h) = -3*h**2 - 1. Let n be 3 - 0/(-2 - -1). Let t be ((-6)/9)/(2/n). What is j(t)?
-4
Let b = -14 - -17. Let u(j) = -j**3 + 2*j**2 + 3*j + 3. Give u(b).
3
Let p be (0 - 3/(-1))/1. Let s(k) = 3*k - k + p*k**2 + 2*k**3 - k**3 + 2*k**2 - 1. Let h(m) = m**3 - 4*m**2 - 7*m + 6. Let u be h(5). What is s(u)?
7
Suppose 3*w = -2*w. Let s(p) = 3*p + 12 - 4*p + p**3 - 13. Give s(w).
-1
Suppose 2*b + 9 = 3. Let c(j) = -4*j**3 + 3*j - 3. Let d(y) = 11*y**3 - y**2 - 9*y + 8. Let v(i) = b*d(i) - 8*c(i). What is v(4)?
-4
Let a = -104 - -113. Let l(f) = f**2 - 8*f - 4. What is l(a)?
5
Let m(z) = -z - 6. Let s = 79 + -187. Let b be (-10)/(-3)*s/(-60). Determine m(b).
-12
Let u(i) = 8*i - 14. Let c(r) = -r + 1. Let n(b) = 6*c(b) + u(b). Calculate n(6).
4
Let k(h) = h + 3. Suppose 2*o + 2*p = -2*o - 48, 4*p = 4*o + 48. Let f = o - -15. Give k(f).
6
Suppose 2*t + 2*t = 16. Suppose -5*g = -2*s - 0 - 1, 2 = -s + t*g. Let z(u) = 6 - s + u**2 + u + 5*u. Determine z(-5).
-1
Let k(s) = -3*s - 2. Let q be k(-2). Let b = 4 - 1. Let f(l) = 5*l + 2*l + q*l - b - l**2 - 6*l. Determine f(4).
1
Let n = 3 - 1. Let s(o) = -6*o. Determine s(n).
-12
Let a(y) be the third derivative of -y**7/5040 - y**6/180 - y**5/20 + 6*y**2. Let r(t) be the third derivative of a(t). What is r(-5)?
1
Let m(x) be the first derivative of -3*x**2 + x - 7/3*x**3 - 1/4*x**4 - 4. What is m(-6)?
1
Let z(k) = k**3 - 6*k**2 + 5*k - 2. Let o(p) = -p**2 + p - 1. Let a(l) = -4*o(l) + z(l). Give a(2).
4
Let n(o) = -o**3 + 3*o**2 - o + 2. Let j be ((-8)/12)/((-4)/24). Calculate n(j).
-18
Let s(a) = -1 + 2*a**2 + 2 - 2*a**3 - 4*a**2. Let g = 5 - 0. Suppose 0 = -g*w - 5 - 0. What is s(w)?
1
Let g be 6*(-3 - 30/(-9)). Let m(i) = 35 + 4*i**g - 5*i**2 - 34 + 5*i. Let a(x) = 2*x - 1. Let s be a(3). Determine m(s).
1
Let q be (2/(-3))/(8/(-12)). Let p(v) = -3*v**2. Calculate p(q).
-3
Let c(n) = -3*n - 20 + 20. Give c(-3).
9
Let i(a) = -4*a + 398 - 397 + 3*a. Determine i(-1).
2
Let t(n) = -2 + 1 + 2*n - 4*n**2 + 3*n**2 + 2*n. Suppose 0 = -2*g + 6. Determine t(g).
2
Let d = 29 - 25. Let f be 1/(-2) - 6/(-4). Let n(u) = 5*u**3 + 2*u**2 - f - u**3 - d*u - 3*u**3. Give n(-3).
2
Let o be -1 - 12/(-2*2). Let y(w) = -w + 0*w**2 + o*w + 2*w**2 + 0*w. Calculate y(2).
10
Let f = -5 + 0. Let q(i) = 9*i**2 + 6*i - 13. Let c(v) = -5*v**2 - 3*v + 7. Let n(t) = 7*c(t) + 4*q(t). Calculate n(f).
7
Let x(j) = -j**3 + 2*j**2 + 4*j - 5. Let v be x(2). Let w(s) = -s + 2 + 1 + 2*s. Calculate w(v).
6
Let t be 1*0*1/2. Let y(p) = -5*p**2 - 6*p + 1. Let r(s) = 9*s**2 + 11*s - 3. Let k(h) = -6*r(h) - 11*y(h). What is k(t)?
7
Let s(x) = -2*x - 14. Let w be s(-9). Let c(v) = v**3 - 5*v**2 + 5*v. Calculate c(w).
4
Let z(c) = -c**2 + c. Let d(l) = -5*l**2 - 2 + 9 - 3 + 3*l - 2*l. Let b(v) = d(v) - 4*z(v). Determine b(-4).
0
Let c(f) be the second derivative of f**3/6 - 3*f**2/2 + 3*f. Calculate c(0).
-3
Suppose 5*j + 9 = r, -2*r + 0 + 4 = 4*j. Let k(w) be the second derivative of 0 + 2*w**2 + 2*w + 1/12*w**4 - 2/3*w**3. Determine k(r).
4
Let j(f) be the second derivative of -f**7/840 - f**6/120 + f**5/120 + f**4/12 + f**3/2 - 2*f. Let h(i) be the second derivative of j(i). Calculate h(-3).
-1
Let l(a) be the second derivative of -a**8/6720 - a**7/420 - 7*a**6/720 - a**5/24 + a**4/12 + 2*a. Let n(q) be the third derivative of l(q). What is n(-5)?
5
Let p(r) = -r + 4. Suppose 0*c - 2 = -c. Suppose 0 = c*a + a. Determine p(a).
4
Suppose -2*x + x + 2 = 0. Let a(m) = -m**x + m**3 - 1 + 2*m**2 - m**2. Calculate a(-1).
-2
Let y be 4 + (8 - -4)/(-2). Let m(z) = -z**2 - 4*z - 3. Give m(y).
1
Suppose 3*q - 11 = -5. Suppose -4*v + 16 = -4*h, q*h + 1 = -2*v - 3*v. Let c(o) = -o**2. Determine c(v).
-1
Suppose -2*w + 5 = -5*w - 4*o, -2*o = 2*w. Suppose -w - 1 = -2*p. Let v(y) = -y**3 + 2*y**2 + 5*y - 3. Determine v(p).
3
Let m(u) = -2 - u - u**3 - u**2 - 1 + 0*u**2 + 4. Suppose -5*k - 2 = -4*k. Give m(k).
7
Let v = 96 + -94. Let r(f) = 3*f**3 - 2*f + 1. Calculate r(v).
21
Let b(s) = 4*s - 2 - 1 - 2*s. Let n be (60/18)/((-4)/(-6)). Suppose -20 = a - n*a. Give b(a).
7
Let r(w) be the second derivative of 0*w**4 + 5/6*w**3 + 0 + w**2 - w - 1/20*w**5. Determine r(-3).
14
Let l(a) = a**2 - 3*a + 2. Let o(h) = h**2 - 3*h + 2. 